 + 105, 5*c + 30 = 2*m - 23. Calculate the remainder when m is divided by 19.
15
Let q = 91 + -49. Calculate the remainder when q is divided by 1/2 + 29/2.
12
What is the remainder when 75 is divided by ((18/(-16))/3)/((-296)/7104)?
3
Suppose 9 = -6*w + 9*w. Suppose 24 = 4*d + 4*a, a = d - w*a + 9. Let l = 3 - 0. What is the remainder when l is divided by d?
0
Suppose 43*h = 38*h + 4*l + 338, -4*h + 3*l + 271 = 0. Calculate the remainder when h is divided by 36.
34
Suppose 0*n + 2 = -n, -4*p + 2*n + 52 = 0. What is the remainder when 297 is divided by p?
9
What is the remainder when ((-247)/(-95))/((-4)/(-280)) is divided by 23?
21
Suppose -5*m + 855 = 3*h, -h + 9*m + 302 = 5*m. Calculate the remainder when h is divided by 73.
71
Suppose 9*d + d = 2*d. Suppose -4*g = -4*k - k - 56, d = 4*g + 2*k - 28. What is the remainder when 15 is divided by g?
6
Let f(g) = g**2 - 6*g - 4. Let z be f(7). Let i(u) = -u**3 + 6 + 4*u**3 + 5*u**2 - 2*u**z. What is the remainder when i(-5) is divided by 2?
0
Let r be (76/(-16))/((-3)/72). Suppose 3*g - r = 63. What is the remainder when g is divided by 30?
29
Suppose 7*g - 104 = 5*g. What is the remainder when g is divided by 27?
25
Let k = -23 + 68. What is the remainder when 40 is divided by (3 - 4)/(87/k + -2)?
10
Let q(d) = d**2 + 13*d - 5. Let z(f) = -2*f. Let m be z(-6). Suppose t + m = c, -4*t - 2*c = -c + 58. What is the remainder when q(t) is divided by 5?
4
Suppose -155 = -2339*a + 2334*a. Let y = 4 + 12. Calculate the remainder when a is divided by y.
15
Let j = 0 + 15. Suppose j - 2 = i. Let y = -9381 + 9389. Calculate the remainder when i is divided by y.
5
Suppose -234 = -48*r + 198. Calculate the remainder when 41 is divided by r.
5
Suppose c = -2*n + 78, -49 = -2*n + 3*c + 21. Calculate the remainder when n is divided by 23.
15
Let y = 27 - 22. Suppose 0 = 5*t + y*b, 4*b = -2*t - 5 - 1. Suppose 17 = a + t. Calculate the remainder when 38 is divided by a.
10
Let x = 1278 - 1019. What is the remainder when x is divided by 9?
7
Calculate the remainder when 422 is divided by (-27)/8*1024/(-192).
8
Let w(t) = -20*t - 9. Calculate the remainder when 407 is divided by w(-3).
50
Suppose 9 - 1 = j. Suppose -236 + 36 = -j*w. Calculate the remainder when w is divided by 13.
12
Suppose 0 = -19*l + 15*l + 20. Suppose -4*j = 2*z - 20, z = l*z - 4*j - 52. What is the remainder when 21 is divided by z?
9
Let b(l) = 6*l - 16. Let s be b(-6). Let n = s - -76. Calculate the remainder when n is divided by 5.
4
Let q(j) = j**2 + 3*j + 2. Calculate the remainder when (1 - -1)/((-4)/(-94)) is divided by q(2).
11
Let g(b) = b**2 + 2*b - 5. Let w be g(2). Calculate the remainder when (13 + 5)*w*(-2)/(-12) is divided by 4.
1
Suppose y + 5*n - 5 = -0*y, 5*y - 3*n + 31 = 0. Let t = y + 24. Suppose 16*p = 287 + 289. Calculate the remainder when p is divided by t.
17
Let i = -31 - -85. What is the remainder when i is divided by (-54)/(-4) - 28/(-56)?
12
Suppose 0 = 2*z - 3*o - 270, 4*z + 3*o - 540 = -o. What is the remainder when z is divided by 39?
18
Suppose 0 = -v + z + 62, -5*z - 22 = -v + 24. Let o = v + -158. What is the remainder when 53 is divided by o/(-5) + (-14)/35?
17
Let j = -7 - -7. Let a = j - 10. Let d = 0 - a. What is the remainder when 27 is divided by d?
7
Let p = 55 - 54. What is the remainder when 16 is divided by 1/((-15)/(-36) + p/(-4))?
4
Let r(i) = -i + 12. Let j be r(9). Suppose j*g = 38 + 37. What is the remainder when g is divided by 13?
12
Let j be (-2)/6 + (-13)/(-3). Let n(s) = -22*s + 10. Let z be n(-5). Suppose -f = j*f - z. Calculate the remainder when 46 is divided by f.
22
Suppose 12*c - 1178 = -26*c. Calculate the remainder when 36 is divided by c.
5
Calculate the remainder when 6695/45 - ((-60)/(-27))/(-10) is divided by 44.
17
Suppose 5*j - 32 = -3*r, -2*j + 0*j + 47 = 5*r. Suppose 4*v - 256 = -d - 3*d, 0 = -3*d - 15. Calculate the remainder when v is divided by r.
6
Suppose -9*r + 151 = -317. Calculate the remainder when r is divided by 14.
10
Suppose -385 = -5*h + 2*m, 31*h - 33*h = 5*m - 183. What is the remainder when 1657 is divided by h?
77
What is the remainder when 132 is divided by 9002/210 - 10/(-75)?
3
Let d = -1282 + 1369. Calculate the remainder when 327 is divided by d.
66
Suppose -245 = -4*l - 89. Suppose -3*t + l = -0*t. Suppose 0 = z - 40 + t. Calculate the remainder when z is divided by 10.
7
Let o = 16 - -154. What is the remainder when o is divided by 88?
82
Let l(o) = 5*o + 6. Suppose -4 = 3*x + 2. What is the remainder when l(5) is divided by (-30)/60 - 23/x?
9
Let x(w) = -2*w + 2*w + w + 1. Let o(c) = -123*c. Let s(f) = o(f) - 2*x(f). What is the remainder when s(-1) is divided by 31?
30
Let b(h) = -h**2 + 8*h + 1. Let c(a) = 14*a**2 + 2*a - 2. Let u be c(1). Suppose -10*f = -u*f + 140. Calculate the remainder when f is divided by b(6).
9
Let g(x) = x**2 - 16*x - 13. Let c be g(14). Let j = c + 17. Let q = j + 38. Calculate the remainder when 39 is divided by q.
11
Suppose 5*p + 7 = 22. Suppose -p*l + 0 = -78. Calculate the remainder when l is divided by 7.
5
What is the remainder when 116 is divided by (35/2)/(3/6)?
11
Suppose 0 = y + 2*y + 2*d - 129, 2*y - 105 = 5*d. Let o(h) = h**3 - 11*h**2 - 12*h + 16. What is the remainder when y is divided by o(12)?
13
Suppose 0 = 63*h - 51*h - 120. What is the remainder when 42 is divided by h?
2
Let l(a) = 53 - 30 - 20*a - 29. What is the remainder when l(-2) is divided by 9?
7
Let c(q) = -4*q + 6. Suppose 4*h + 6 = 10. Suppose -l - 2 = h. Calculate the remainder when 33 is divided by c(l).
15
Suppose 3*t - 17 = -4*m + 6*t, -6 = -2*m + 4*t. Calculate the remainder when 1032 is divided by m.
2
Let h(j) = 12*j - 4. Let n(m) = -10*m**2 - 3*m + 2. Let i be n(6). What is the remainder when i/(-3) + (-4)/(-6) is divided by h(3)?
30
Suppose 4*q + q = 25. Suppose q*w - 56 = -x - 3*x, -60 = -5*w - 5*x. Let v = 1 + 12. What is the remainder when v is divided by w?
5
Suppose -62*f + y - 170 = -63*f, 0 = 4*f - 3*y - 652. What is the remainder when f is divided by 27?
4
Let a(q) = q**3 + 60*q**2 + 221*q + 105. What is the remainder when a(-56) is divided by 97?
79
Let t = -1 + 3. Suppose -5*k = g - 55, t*k = -0*g + 4*g + 22. Calculate the remainder when k is divided by (11/22)/(2/24).
5
Suppose 0 = -2356*a + 2357*a - 1583. What is the remainder when a is divided by 36?
35
Calculate the remainder when 49/(-21)*(-12 - 0) is divided by 18.
10
Suppose -1363 = -110*h + 63*h. What is the remainder when 110 is divided by h?
23
Let j be -2 - 11/(11/(-126)). Let d = -69 + j. What is the remainder when d is divided by 4/22 + 634/22?
26
Let a(w) = 2*w - 2. What is the remainder when 27 is divided by a(3)?
3
Let q = 25 - -13. Let r = q + -20. What is the remainder when 69 is divided by r?
15
Suppose 4*x - 116 = -4*l, 17*x - 30 = -l + 15*x. Calculate the remainder when 220 is divided by l.
24
Let z = 17 + -13. Suppose -3*t = -2*j - 65, z*t + 0*t - 3*j = 86. Calculate the remainder when 44 is divided by t.
21
Let b(w) = -5*w + 5. Let x be b(5). Let g be (-3)/(-1 + x/(-26)). Let i = g + -2. Calculate the remainder when 40 is divided by i.
7
Let l = -25 + 23. What is the remainder when ((-11)/(-44))/(l/(-136)) is divided by 4?
1
Suppose 4*j + 3*y = 18, 4*y = -7*j + 6*j + 11. What is the remainder when 14 is divided by j?
2
Suppose -11*p + 9310 = -513. Calculate the remainder when p is divided by 149.
148
Let j(h) = 5*h**2 + 6*h + 6. Let b(l) = 3*l + 9. Suppose -m - 5 = -3*m - 3*g, -18 = -4*m + 2*g. Calculate the remainder when j(-4) is divided by b(m).
20
Let y(n) = 20*n**3 - 3*n**2 - 2*n + 1. What is the remainder when 47 is divided by y(1)?
15
Let u = -85 - -322. Suppose -v = 2*l - u, -3*v = -3*l - 4*v + 358. Suppose 5*j - l = -16. What is the remainder when j is divided by 8?
5
Let k = -1 + 9. Suppose 98 = 3*j + b, -5*j + b = 4*b - 170. What is the remainder when j is divided by k?
7
Suppose -5*l + 9 = -41. Suppose -36*y + 35*y + 45 = 0. Calculate the remainder when y is divided by l.
5
Suppose 0 = 4*q + 4*z - 180, 15 = -q + 2*q - 5*z. Suppose -2*m - 3*m = -3*l - 50, 4*m - q = 5*l. What is the remainder when m is divided by 1?
0
Suppose -l + 0*q + 111 = 5*q, 4*l - 564 = 4*q. Suppose -5*f + l = -f. Suppose 2*t + 72 = 10*t. What is the remainder